 - -2)).
4
Calculate 2 + 2 - (-11 + 16).
-1
Evaluate 2 + (5 - (17 - 7) - 3).
-6
What is the value of 3 - (5 + 3 + -6) - 1?
0
Calculate -6 + (24 - 5 - 11).
2
Calculate 2 + -1 + 1 + -6.
-4
What is 1 - (-8 - (-10 - -4)) - 1?
2
What is -36 - -35 - (-2 - -9)?
-8
What is the value of 1 + (-4 - -1) + -3?
-5
What is the value of (3 - 3) + (3 + -6 - 2)?
-5
What is 1 + -1 + (1 - (5 + -5))?
1
What is -4 - ((-3 - 4) + 1)?
2
What is (9 - (-2 + 6)) + -4?
1
Evaluate 6 + -3 + -3 - (-4 - -3).
1
Calculate 2 + (2 + -13 + 3 - -3).
-3
Calculate -12 + 3 + 6 - -4.
1
Calculate 0 + 2 - ((-4 - -3) + -2).
5
(-3 - -1) + 208 + -204
2
What is the value of -14 + (7 + 2 - 2) - -8?
1
Evaluate (3 - 1) + 2 + -4.
0
0 + 4 + 2 + -8 + 4
2
What is -5 - -5 - (-1 + 1 - -5)?
-5
3 - (0 - (0 - 3)) - 1
-1
What is the value of -5 + (1 + -4 - -2) + 3?
-3
Calculate -3 - (8 - 7) - 0.
-4
Calculate (-6 - -3) + -24 + 24.
-3
Calculate -1 + -2 + 9 + -3 + -6.
-3
Evaluate -1 - 0 - (-29 + 32).
-4
Evaluate -5 - -3 - (3 - 7).
2
What is 3 - ((-10 - (-8 - -4)) + 4)?
5
Evaluate 0 + 2 + -2 + 2 + -1.
1
What is 6 - (6 + -3) - 1?
2
26 + -14 - (4 + 2)
6
Evaluate 27 + -29 + (3 - 0).
1
What is -5 - (-26 + 17 - (-1 - 4))?
-1
Calculate 0 + 1 + -6 - -1.
-4
Evaluate -6 + (-1 - 1 - (10 + -9)).
-9
Evaluate -3 + -1 + 2 - (16 + -15).
-3
2 - (1 - -2) - (1 + 3)
-5
What is the value of 4 - (10 + (6 - 9) - 3)?
0
What is 4 - ((-5 - -1) + 9)?
-1
Calculate 9 - 9 - (0 + 2 - 2).
0
What is 7 + -1 + -1 + -3?
2
Calculate (-5 - -3) + 3 - 6 - -2.
-3
Calculate -5 + 11 - (11 - 12).
7
What is 8 - (10 - -3 - 2)?
-3
2 - (-4 + (1 - -2) + 0)
3
(1 + 6 - (11 + -11)) + -2
5
3 + 8 + -14 + (2 - 1)
-2
What is -9 - (-7 + 1) - -2?
-1
What is 1 - ((-2 - -12) + (19 - 25))?
-3
1 - 8 - 0 - -8
1
What is (6 - (17 - 3)) + 8?
0
What is the value of -6 + 9 + (-3 - 0 - 3)?
-3
1 + 8 - ((1 - -3) + -6)
11
-3 + 1 + -3 + 3
-2
What is 0 + (-8 - -3) - -4?
-1
(-1 - 3) + 11 + -9
-2
What is (4 + -2 + -7 - -2) + 2?
-1
What is 9 + -8 + (-2 - -5)?
4
(0 - 1 - 0) + (1 - -6)
6
What is the value of 7 + -4 + 3 + -6?
0
What is -4 - 1 - -3 - 1?
-3
Evaluate (-4 - 2 - -14) + -1.
7
What is 4 + -6 + -1 + 1?
-2
What is (34 - 38) + (-2 - -7)?
1
Evaluate -1 + 0 - ((12 - 7) + -9).
3
Evaluate 4 + 0 + -3 + -2 + 0.
-1
-8 - -6 - -8 - (0 + 1)
5
What is the value of -3 - (-3 + -3 + 4 + 1)?
-2
What is the value of 0 + 2 + -14 + 8 + 9?
5
Evaluate 1 - 8 - (-1 - -2 - 4).
-4
What is -4 - ((-1 - 7) + 4)?
0
What is the value of -4 + 14 + (-9 - -8)?
9
Evaluate 1 + 10 + (2 - -4 - 11).
6
Evaluate 9 + -20 + 13 - 0.
2
-3 + 6 + (3 - 0 - -1)
7
Evaluate 4 + (6 - 2 - 4).
4
Calculate 0 + 2 + -7 + 0 + 1.
-4
What is the value of 9 - (-3 + 7 - -1 - 1)?
5
1 - ((-2 - -1) + 2 + -6)
6
(219 - 212) + (-2 - -2) + 2
9
What is the value of 1 - (-2 + (-1 - -2))?
2
What is the value of 1 + 1 + 3 + (-15 - -3)?
-7
What is the value of 5 + (-6 - (-6 + 8))?
-3
Calculate 9 - 1 - (-1 - -5).
4
Evaluate (-16 - -9) + -2 + 5 + 9.
5
What is -6 + 4 - -5 - 0?
3
What is -1 - 0 - (65 - 58)?
-8
(6 - 3 - 3) + 0 + 0
0
What is 4 - (-5 + (7 - (12 + -7)))?
7
What is (-1 - (0 + -9)) + (-5 - -2)?
5
What is the value of 1 - (1 + (-5 - 2 - -4))?
3
What is 7 + -3 + -1 + (-7 - -1)?
-3
What is (0 + (0 - 6) - -8) + -3?
-1
Calculate 6 - ((-6 - -3) + 4).
5
What is the value of 1 + 3 - (-6 - (-21 + 4))?
-7
Evaluate -29 + 30 + -3 + 11 + -1.
8
Evaluate 1 + (0 - ((-5 - -4) + 0)).
2
Calculate -8 + 1 - (3 + 4 - 7).
-7
9 - (3 + -3) - (16 + -11)
4
Calculate 10 - (12 - (5 - 12 - -14)).
5
Evaluate (-9 - -5) + (1 - 2) - -10.
5
Calculate (-3 - 0) + -6 + 8.
-1
What is 0 + (-1 - -7 - 8)?
-2
Calculate -1 + -3 - (-4 + 2) - -3.
1
Evaluate 0 + (3 - (3 - -3)).
-3
What is -2 + -1 - (4 - 10 - -3)?
0
Evaluate 2 + -10 - (1 + -5) - -2.
-2
Calculate 27 + -22 - (6 + -1) - -5.
5
What is (1 - 1) + 3 - (-4 - -12)?
-5
Calculate 15 + -15 - (0 - 4).
4
What is the value of -2 - (-2 + -5 + 6)?
-1
4 - (-2 + (2 - 0))
4
What is (-283 - -285) + 9 + -1?
10
What is the value of 3 + -4 + -5 + 2?
-4
What is 5 + (-19 + 6 - -3)?
-5
Evaluate -3 + 4 - (-2 - -2 - -2).
-1
-2 + (-3 - -6) + -7 - -2
-4
2 + -4 - (2 - -6 - 5)
-5
-58 + 50 - (4 + -6)
-6
-7 - -16 - (11 - -2)
-4
What is the value of (-1 - 6) + 4 + 5?
2
-2 - (-3 - -4) - (2 - -1)
-6
What is the value of -2 - (10 - 11) - -4?
3
What is -1 - ((-5 - -1) + 1 - 2)?
4
What is 3 + 0 + (5 - 12) + 11?
7
What is the value of (0 - -3) + (0 - 0)?
3
What is 3 - (-6 - 5 - -10)?
4
What is 1 + 3 + (5 - 12)?
-3
Evaluate -2 - -3 - (0 - -1) - -2.
2
What is the value of -2 + 2 + 5 + -8 + 0?
-3
Calculate 2 - (4 - 7 - 3 - -3).
5
Evaluate -4 + (5 + -4 - (0 + 2)).
-5
-3 - ((4 - (0 - -3)) + -1)
-3
What is the value of 5 + -4 + -5 + -1 + 5?
0
What is the value of 3 - ((-9 - (-8 - -4)) + 9)?
-1
What is the value of -5 - (0 - (4 - 4))?
-5
What is the value of (0 - (13 + -4)) + 8?
-1
4 + 10 + -11 + 4
7
-6 + -8 + 17 - 2
1
What is the value of (-4 - 1) + 8 - 9 - -4?
-2
What is the value of -5 + -2 - (75 - 86)?
4
What is the value of 2 + -4 - -3 - (4 - 5)?
2
9 - (11 + 0 + 3)
-5
Calculate 2 + -3 + (0 - 0 - -3).
2
What is the value of 18 + (-7 + 0 - 3)?
8
Calculate -7 + (-10 - -11) - (-1 - -2).
-7
What is (0 - -4 - 11 - -4) + 3?
0
-17 + 19 + (-15 - (-2 - 1))
-10
-2 - (-6 + 1 + 2)
1
What is 7 + -2 - (13 - 11)?
3
What is -3 - (-1 + -2) - (4 - -1)?
-5
Calculate 2 + 6 - (1 + 1).
6
Evaluate -112 + 110 + (14 - 1).
11
What is the value of 3 + (13 - 6 - 5)?
5
0 - -5 - (85 - 74)
-6
Evaluate -2 - (-1 - -11 - 5).
-7
Evaluate 3 - 3 - (-1 - 0 - 2).
3
What is the value of 6 - (-6 + 1 - (6 + -10))?
7
-6 + 13 + -9 + 2 + -1
-1
What is -4 - (2 + -4 + (4 - 10))?
4
1 - 0 - (-58 - -64)
-5
Calculate (-5 - -8) + (-3 - -1 - -1).
2
Calculate -47 + 47 + (-2 - 1) + 3.
0
Calculate -4 + 1 - -8 - 0.
5
Calculate (1 - -1) + (-4 + 2 - 0).
0
Evaluate -7 + (7 - -5) - 8.
-3
4 + (2 - 14) - -5
-3
Calculate 65 - 62 - (-2 - -11).
-6
Evaluate 6 + (1 - 7) + 6 - -1.
7
Calculate 7 + (0 - 3 - -2).
6
What is the value of -5 - (-5 - (-8 + 8))?
0
Evaluate -9 + 13 + -2 + -2.
0
(5 - 1) + -2 - (-1 - -7)
-4
Evaluate 2 + (-1 - 0) - (13 + -8).
-4
Evaluate 9 - (14 - (-11 - -5)) - -2.
-9
What is the value of -11 + 10 + (0 - -1)?
0
Calculate 68 + -69 + -5 + 0.
-6
What is the value of 5 - 8 - (3 - 5)?
-1
What is the value of 1 - (-1 + 0 - 0)?
2
Calculate 6 + (-14 - (6 + -16)).
2
1 + (5 - (0 + 15))
-9
(5 - (4 + -3 + 5)) + 3
2
Evaluate 11 - (9 - 12 - -5).
9
-7 - (-5 + 2) - (-2 + 2)
-4
-21 + 17 - (2 + 0)
-6
(3 - 0 - 7 - -6) + 5
7
Evaluate 3 + -1 - ((4 - 4) + 7).
-5
-1 - 1 - (-5 + -1 + 3)
1
What is 3 + (4 + 6 + -9 - 6)?
-2
Evaluate -13 + (15 - 2) - 6.
-6
Evaluate (3 - (2 - -1)) + -1 + 1.
0
What is 6 + 2 + (6 - 4) + -2?
8
3 - (1 + -4 + 2)
4
What is the value of -1 - (-3 + 4 + -4) - -1?
3
Calculate 1 - (2 - (-3 - (-4 - -5))).
-5
Calculate -4 - -4 - 7 - (-2 + 0).
-5
7 + 6 + -7 - (13 - 0)
-7
Calculate -5 - (34 - 37 - (5 + -1)).
2
What is the value of (11 - -1) + -8 - 10?
-6
What is the value of (-6 - -9) + (6 + -4 - 1)?
4
-4 - -3 - 1 - 2 - -1
-3
-2 + -4 - (-4 + 0)
-2
Evaluate (1 - 3) + -5 + 5.
-2
(-7 + 8 - 6) + 0 + -1
-6
Evaluate -2 + (-4 - (-8 - -9)).
-7
What is the value of -13 + 20 + (8 - 21)?
-6
What is -1 - ((-3 + 4 - 2) + -4)?
4
What is 2 + (-4 + 1 - 1) + -2?
-4
What is (1 - 2) + (-4 - 1) + 12?
6
Evaluate -7 + -2 + 5 + -1.
-5
What is the value of -4 + 14 + -4 - 4?
2
Evaluate 5 + -2 + 2 + -4.
1
Calculate -5 - (-6 + -8 + 10).
-1
1 - (-4 + -5 + 7)
3
Calculate 16 - 18 - (4 - 0).
-6
Evaluate -1 - ((1 - 8) + 7 + -3).
2
What is the value of -4 + -7 + 6 - (-7 - -2)?
0
Calculate -9 - -14 - -1 - (-3 + 0).
9
Calculate 7 + (-4 - -4) + -3.
4
65 - 63 - (-2 + 0 + -2)
6
What is the value of -30 + 26 + (1 + 0 - 0)?
-3
What is the value of 7 + (-6 - (9 - -1))?
-9
What is the value of -21 + 10 - (-24 + 6)?
7
Calculate -23 + 19 - (0 + -1).
-3
What is the value of 3 - (1 + 0 + 2)?
0
Evaluate 8 + -11 - -5 - (7 + -3).
-2
What is the value of (16 - (6 + 1)) + -7?
2
Calculate 2 + (-11 - -5) - 0.
-4
What is the value of (2 - -7 - 5) + -5?
-1
What is the value of 2 + (3 - (-1 + 3))?
3
7 + -3 - (2 + 0 + 5)
-3
What is the value of -2 - -11 - (-3 - -3 - -6)?
3
6 - (-1 - -3) - (-17 + 19)
2
Evaluate (-17 - (-14 - -5)) + 5.
-3
What is 3 - (-7 - -8 - 4)?
6
Evaluate (4 + -6 - 6) + 3 + 8.
3
Calculate 67 + -73 - (-14 + -1 - -2).
7
Calculate -2 + 2 + -1 - (1 + -3).
1
W